uppose y - 8 = -2. Calculate the greatest common divisor of 30 and y.
6
Let z be (-6)/9 + (-46)/(-6). Calculate the greatest common divisor of 56 and z.
7
Suppose 5*v = -3*z + 17, 2*z + 1 = 5*v + 4. Let b(c) = -2*c + 1. Let d be b(v). Let y be d - (3/(-1) - 3). What is the highest common factor of y and 35?
5
Let g(i) be the first derivative of -2*i**3/3 + 2*i**2 - 2*i + 3. Let u be g(6). Let y = -32 - u. Calculate the greatest common divisor of y and 9.
9
Let t(f) = 2*f - 7. Let q be t(3). Let b be (-31)/(-1) + (q - 3). What is the highest common factor of b and 297?
27
Let a(m) = 11*m + 6. Let u = 16 - 10. Let i be a(u). Calculate the highest common factor of i and 9.
9
Let t = 3 - 2. Let c be (t + -9)/(2 - 4). What is the highest common factor of 12 and c?
4
Let q = -15 + 26. Calculate the greatest common divisor of 88 and q.
11
Let p(i) = -i**2 + 3*i + 3. Let n be p(3). Let o be 42*(-1 - 6/(-4)). Calculate the highest common factor of o and n.
3
Suppose -1 = 5*m - 6. Let a = 6 + 1. What is the greatest common divisor of m and a?
1
Let c(i) be the first derivative of -i**4/4 + 5*i**3/3 - i**2/2 + 6*i + 3. Let v be c(5). Calculate the highest common divisor of v and 11.
1
Suppose 60 = 5*c - c. What is the greatest common divisor of c and 10?
5
Let h be 168/44 + (-2)/(-11). Suppose -h*a + 46 = -3*w, -1 = -a - 3*w + 3. Let q = 260 - 170. What is the greatest common factor of q and a?
10
Let r(v) = v**2 - 18*v + 22. Let t be r(17). Let d(i) = -i**3 + 5*i**2 + 5. Let s be d(5). What is the highest common divisor of t and s?
5
Let b(a) = a**2 - 2*a - 1. Let m be b(-2). Calculate the highest common divisor of m and 21.
7
Let k = 12 + -9. Let n = 4 + 2. What is the highest common factor of k and n?
3
Let i = -53 - -56. Calculate the greatest common factor of 9 and i.
3
Let i be (-1)/4 - (-26)/8. Let h = 549 + -197. Suppose 0 = -s + i*s - h. Calculate the highest common factor of s and 16.
16
Suppose -2*l - 10 = 0, -4*x - 11 = 5*l + 2. Suppose 3 = -x*h + 6. What is the highest common factor of h and 1?
1
Let u be 2/((2/(-12))/(-1)). Let g = -114 - -246. What is the highest common factor of u and g?
12
Suppose -234 = -3*j + 3*q, 1 = q - 1. Calculate the greatest common divisor of j and 32.
16
Let z(y) = -16*y - 2. Let q be z(-4). Suppose 0 = s - 29 - q. Let i = 161 - s. Calculate the greatest common factor of i and 28.
14
Let c be 2/(-4) + 35/10. Suppose 0*k + 39 = 2*k - c*l, -5*k - 5*l = -85. Calculate the greatest common factor of 45 and k.
9
Suppose 11*w = 67 + 219. Calculate the highest common factor of w and 52.
26
Let n = 40 + -10. What is the greatest common divisor of n and 6?
6
Let n = 20 + -8. Let f be (-6)/4*12/9. Let v be 61/2 - f/(-4). What is the greatest common divisor of n and v?
6
Let v(h) = 3*h + 32. Let b be v(0). Let a = 12 - 4. What is the highest common factor of b and a?
8
Suppose -3*g = g - 24. Let q = -32 - -22. Let z be (-2)/q + (-38)/(-10). Calculate the highest common factor of z and g.
2
Let h(f) = -8*f - 2. Let c be (-2 + (-16)/(-6))*-6. Let l be h(c). What is the greatest common divisor of l and 90?
30
Let f(s) = 2*s - 9. Let u be f(7). Suppose u*r - v - 20 = -6*v, 4 = r - 4*v. Calculate the highest common divisor of 8 and r.
4
Suppose 4*s - 2*n - 174 = 3*s, 0 = 4*n - 4. Calculate the greatest common divisor of 22 and s.
22
Let j = 50 - 26. Suppose -4*p + 12 + 20 = g, 0 = -2*g - 8. Suppose 3*u = p, -4*m - 5*u + j = -m. Calculate the greatest common divisor of m and 9.
3
Let b(y) = y**2 - 3*y - 3. Let g be b(4). Let u be -28*-6*g/8. What is the highest common divisor of u and 3?
3
Suppose 3*a + 5*t = 10 + 154, -5*a + 2*t + 232 = 0. Calculate the greatest common divisor of a and 40.
8
Let d be (27/(-45))/(1/(-15)). Suppose -4*r = -r - d. Let j be r - -3*(4 + 0). Calculate the greatest common factor of j and 5.
5
Let o be 0 + (2 - -1) + -1. Let v(w) = w**2 + 1. Let h be v(o). Let t = 59 - 4. What is the greatest common factor of h and t?
5
Suppose -2*m = -3*m + 19. Suppose -375 = -5*h + 5*b, 5*h - 251 = -2*b + 131. What is the highest common divisor of h and m?
19
Let y be (-20)/6*(1 - 4). Let s(i) = -i + 6. Let h be s(-4). Calculate the greatest common factor of h and y.
10
Let v(w) = w**2 - 16*w + 23. Let b be v(17). Calculate the highest common factor of 10 and b.
10
Let y(c) = c + 2. Let w(v) = -2*v - 3. Let m(z) = 3*w(z) + 5*y(z). Let t be m(-1). Calculate the highest common divisor of 1 and t.
1
Suppose -5*i = 2*j + 12, j = -i - 0*i - 3. Let b = 0 + j. Let w = 2 + b. What is the highest common divisor of w and 1?
1
Let w(t) = t**3 + 3*t**2 - 2*t - 6. Let n be w(-4). Let x be n/21*2*-3. What is the highest common divisor of 36 and x?
4
Let r = 0 + 2. Suppose 96 = 5*l + r*y, -y = -3*l + 48 + 14. Calculate the highest common factor of l and 20.
20
Suppose 3*t = 5*g - 309, -g - 5*t + 55 - 10 = 0. Let x be 12*-1*(1 - 3). What is the highest common factor of x and g?
12
Suppose 3*i - r - 4 = 8, 0 = 3*i + 5*r + 6. Let m(s) = -s**3 - 8*s**2 + 18*s - 5. Let q be m(-10). What is the greatest common factor of i and q?
3
Suppose 254 - 1024 = -11*f. Calculate the highest common divisor of f and 40.
10
Let y(z) = 5*z - 17. Let n be y(9). What is the highest common divisor of 70 and n?
14
Let x = -160 - -272. Suppose 0 = -i + 3*v + 54, 0 = i + i - 5*v - x. Let p(h) = -h**2 - h + 11. Let u be p(0). What is the greatest common divisor of u and i?
11
Let v(j) = j**2 - 3*j - 6. Let g be v(5). Suppose 0 = -a - g*a. Suppose 5*l - 53 - 62 = a. Calculate the highest common factor of 69 and l.
23
Let h(p) = -p**3 + 3*p**2 + 6*p - 6. Let q be h(4). Let d be (7/q + -3)*12. What is the greatest common factor of 24 and d?
6
Let f = -40 + 41. Let u = 10 - 7. Calculate the greatest common factor of f and u.
1
Suppose 9 - 29 = -5*g. Calculate the greatest common divisor of 4 and g.
4
Suppose 3*k + h - 4*h - 66 = 0, 0 = -4*k - 5*h + 43. Let d be 1/(-3) - (-91)/21. Suppose 0*v = -d*v + 544. What is the greatest common factor of v and k?
17
Suppose -572 = -7*g + 3*g. Calculate the greatest common factor of 11 and g.
11
Suppose 0 = -x - x + 14. Calculate the greatest common factor of 28 and x.
7
Let f(r) = -r + 22. Let w be f(10). Let p = -55 - -109. Let b be (24/9)/(4/p). Calculate the highest common divisor of w and b.
12
Let f be -1*(-3 + 4/4). What is the greatest common factor of 14 and f?
2
Let r(s) = -4 - 1 + 0 + 11*s + 1 - s**2. Let q be r(9). What is the highest common divisor of 7 and q?
7
Let p be ((-7)/(-14))/((-2)/(-100)). Calculate the greatest common factor of 100 and p.
25
Let r = -9 - -13. Suppose -2*w - 6 = 3*p, -r*p + 9 = -w - 2*w. Suppose -2*t + v + 7 = 3*t, -4*t - v + 2 = p. Calculate the highest common factor of 9 and t.
1
Let s be (-22)/(-4) - 4/(-8). Let r(x) = x**3 - 5*x**2 - 8*x + 3. Let b be r(s). Let k = 11 + b. What is the greatest common factor of 22 and k?
2
Let o = -8 - -12. Suppose 4*m - 4*c + 4 = 32, -3*m = o*c. Suppose 3*v - 281 = k + 59, m*k + 16 = 0. Calculate the highest common factor of 16 and v.
16
Let j be 2 - (-1)/(1/54). Let o be j/6*3/2. Suppose -118 = -4*b - 2*i, 36 = 5*b + 3*i - 113. What is the greatest common factor of b and o?
14
Suppose 4*j - 5*j + 4 = 0. Let a be (-6 + 4)/(j/(-30)). Calculate the highest common divisor of 15 and a.
15
Let v = 18 - 13. Suppose 34 = v*s - 16. What is the highest common divisor of s and 25?
5
Let y(u) = 10*u + 9. Let m(a) = -5*a - 5. Let p(r) = -5*m(r) - 2*y(r). Let i be p(3). What is the highest common factor of i and 22?
22
Let v be (3/(-9))/(1/(-3)). Suppose -5*r - 18 = -5*m + 17, -18 = 3*r - 2*m. Let z be 2/(-8) - 17/r. Calculate the highest common factor of z and v.
1
Let g be 2/(-9) - (-640)/45. What is the highest common factor of 28 and g?
14
Suppose -4 = 5*p - 139. What is the greatest common factor of p and 297?
27
Let l = -53 - -152. Let n be (0 + 2/6)*33. What is the greatest common divisor of l and n?
11
Suppose -16 - 12 = -5*a + 2*p, 16 = -4*p. Let r be (-1)/a - 57/(-4). Calculate the highest common divisor of r and 21.
7
Let q be ((-3)/(-6))/((-4)/(552/(-3))). What is the greatest common factor of q and 92?
23
Let c(l) = 4*l**2 - 4*l + 8. Let n be c(2). What is the highest common factor of 32 and n?
16
Let c(v) = 2*v**3 - 2*v**2 - 3*v + 3. Let h be c(